{"id":708,"date":"2022-04-11T13:24:07","date_gmt":"2022-04-11T13:24:07","guid":{"rendered":"https:\/\/anr-collabora.parisnanterre.fr\/?page_id=708"},"modified":"2022-06-28T10:44:32","modified_gmt":"2022-06-28T10:44:32","slug":"programme","status":"publish","type":"page","link":"https:\/\/anr-collabora.parisnanterre.fr\/index.php\/programme\/","title":{"rendered":"Programme"},"content":{"rendered":"\n<figure class=\"wp-block-image size-large\"><img decoding=\"async\" loading=\"lazy\" width=\"1024\" height=\"576\" src=\"https:\/\/anr-collabora.parisnanterre.fr\/wp-content\/uploads\/2022\/05\/Bannie\u0300reForm-1024x576.png\" alt=\"\" class=\"wp-image-778\" srcset=\"https:\/\/anr-collabora.parisnanterre.fr\/wp-content\/uploads\/2022\/05\/Bannie\u0300reForm-1024x576.png 1024w, https:\/\/anr-collabora.parisnanterre.fr\/wp-content\/uploads\/2022\/05\/Bannie\u0300reForm-300x169.png 300w, https:\/\/anr-collabora.parisnanterre.fr\/wp-content\/uploads\/2022\/05\/Bannie\u0300reForm-768x432.png 768w, https:\/\/anr-collabora.parisnanterre.fr\/wp-content\/uploads\/2022\/05\/Bannie\u0300reForm-1536x864.png 1536w, https:\/\/anr-collabora.parisnanterre.fr\/wp-content\/uploads\/2022\/05\/Bannie\u0300reForm.png 2000w\" sizes=\"(max-width: 1024px) 100vw, 1024px\" \/><\/figure>\n\n\n\n<hr class=\"wp-block-separator aligncenter\"\/>\n\n\n\n<hr class=\"wp-block-separator\"\/>\n\n\n\n<p class=\"has-text-align-center\"><em>Journ\u00e9e d\u00e9di\u00e9e aux porteurs des plateformes, chercheurs, professionnels et tout.e int\u00e9ress\u00e9.e \u00e0 la contribution num\u00e9rique <br>Inscriptions ouvertes <a href=\"https:\/\/anr-collabora.parisnanterre.fr\/index.php\/inscription-a-levenement\/\">https:\/\/anr-collabora.parisnanterre.fr\/index.php\/inscription-a-levenement\/<\/a><\/em><\/p>\n\n\n\n<p>9h15 &#8211; Accueil<strong> <\/strong>caf\u00e9<\/p>\n\n\n\n<p>9h30 &#8211; <strong>OUVERTURE DU FORUM<\/strong><\/p>\n\n\n\n<p>10h &#8211; <strong>ATELIERS &#8211; SESSION #1<\/strong> <br><br><em><strong>Axe 1 <em><strong>&#8211;<\/strong><\/em> Mobiliser les&nbsp;contributeurs&nbsp;et animer sa communaut\u00e9<\/strong><\/em><\/p>\n\n\n\n<p class=\"has-small-font-size\">&#8211; Pierre Fauvel, <em>Nantes Patrimonia <\/em>(Nantes Metropole)<br>&#8211; Jean-Pierre Girard, Bulliot, <em>Bibracte et moi <\/em>(Contributeur)<br>&#8211; Fran\u00e7oise Rubellin, RECITAL (Universit\u00e9 de Nantes)&nbsp;<br>&#8230;.<\/p>\n\n\n\n<p><em><strong>Axe 2 &#8211; G\u00e9rer le cadre l\u00e9gal, \u00e9thique et technique des&nbsp;donn\u00e9es<\/strong><\/em><\/p>\n\n\n\n<p class=\"has-small-font-size\">&#8211; David Forgeron, Pratiques de la documentation dans les Fab Labs (Cit\u00e9 des sciences et de l\u2019industrie \u2013 Carrefour num\u00e9rique\u00b2)<br>&#8211; Lambert Vincent et Ghislain Chave, <em>Plateforme \u00c9pi-Revel <\/em>(Universit\u00e9 C\u00f4te d&rsquo;Azur)<br>&#8211; Nicolas Sauret, <em>Plateformes d&rsquo;\u00e9criture scientifique collaborative<\/em> (Universit\u00e9 Paris Nanterre)<br>&#8230;<\/p>\n\n\n\n<p><strong>Axe 3 &#8211; <em>Nouer des&nbsp;partenariats<\/em><\/strong><\/p>\n\n\n\n<p class=\"has-small-font-size\">&#8211; Vincent Puig, <em>Urbanit\u00e9s num\u00e9riques en Jeu<\/em>x (IRI, Centre Pompidou)<br>&#8211; Olivier Thuillas, <em>Mod\u00e8les socio-\u00e9conomiques<\/em> (Universit\u00e9 Paris Nanterre)<br>&#8211; Benjamin Barbier (Universit\u00e9 Paris XIII)<br>&#8230;<\/p>\n\n\n\n<p>11h30 &#8211; Pause caf\u00e9<\/p>\n\n\n\n<p>11h50 &#8211; <strong><strong>CONF\u00c9RENCES<\/strong> <\/strong>(trois sessions en parall\u00e8le)<\/p>\n\n\n\n<p>&#8211; <em>Babelio : construire des synergies avec les acteurs publics<\/em>, <strong>Pierre Fremaux <\/strong>(Babelio)<br>&#8211; <em>\u00c9conomie contributive et plateformes num\u00e9riques<\/em>, <strong>Vincent Puig<\/strong> (IRI, Centre Pompidou)<br>&#8211; <em><em>Archipop, <em>une construction limit\u00e9e des m\u00e9moires des cin\u00e9astes amateurs<\/em><\/em><\/em>, <strong><strong>Milana Tsakaiev<\/strong><\/strong> (Archipop) <\/p>\n\n\n\n<p>&#8212;<br>12h50 &#8211; <strong>Pause d\u00e9jeuner<\/strong> &#8211; temps d&rsquo;\u00e9change<br>&#8212;<\/p>\n\n\n\n<p>14h10 &#8211; <strong>CONF\u00c9RENCES<\/strong> (trois sessions en parall\u00e8le)<\/p>\n\n\n\n<p>&#8211; Le d\u00e9fi de l\u2019open content pour les acteurs culturels,<strong> Xavier Cailleau<\/strong> (Wikim\u00e9dia France)<br>&#8211; Science participative 2.0 : donn\u00e9es de qualit\u00e9, intelligence collective, <strong>Romain Julliard<\/strong> (MNHN)<br>&#8211; Les projets participatifs autour d&rsquo;archives num\u00e9ris\u00e9es : l&rsquo;exemple des Archives nationales, <strong>Romain Le Gendre<\/strong> (Archives Nationales)<\/p>\n\n\n\n<p>15h10 &#8211; <strong>ATELIERS &#8211; SESSION #<\/strong>2 <br><br><em><strong>Axe 1- Mobiliser les&nbsp;contributeurs&nbsp;et animer sa communaut\u00e9<\/strong><\/em><\/p>\n\n\n\n<p class=\"has-small-font-size\">&#8211; Yolaine Coutentin, <em>Passports <\/em>(Ville de Saint-Brieuc)<br>&#8211; Christine Coulange, <em>Les 7 Portes<\/em> (Sisygambis)<br>&#8211; Claire Scopsi, <em>M\u00e9moire Ciclic <\/em>(CNAM)<br>&#8230;<\/p>\n\n\n\n<p><em><strong>Axe 2 &#8211; G\u00e9rer le cadre l\u00e9gal, \u00e9thique et technique des&nbsp;donn\u00e9es<\/strong><\/em><\/p>\n\n\n\n<p class=\"has-small-font-size\">&#8211;  Jean-Olivier Gransard-Desmond, <em>WikiTopia Archives <\/em>(CNRS)<br>&#8211; F\u00e9d\u00e9ric Letellier, <em>Abandonware magazines <\/em><br>&#8211; Camila Cabral-Areas, <em>Patriminidaoc\u00e9a<\/em> (Universit\u00e9 de la R\u00e9union)<br>&#8230;<\/p>\n\n\n\n<p><strong><em>Axe 3 &#8211; Modes et synergies de fonctionnement<\/em><\/strong><\/p>\n\n\n\n<p class=\"has-small-font-size\">&#8211; Alexandra\u00a0Villarroel, Particip-Arc (MNHN)<br>&#8211; C\u00e9cile Payeur, G\u00e9n\u00e9ricit\u00e9 des plateformes (Universit\u00e9 Paris Nanterre)<br>&#8211; Romain Bigay (Universit\u00e9 Paris Nanterre)<br>&#8230;<\/p>\n\n\n\n<p>16h40 &#8211; Pause caf\u00e9<\/p>\n\n\n\n<p>17h &#8211; <strong>RESTITUTION<\/strong><\/p>\n\n\n\n<p>18h &#8211; <strong>PR\u00c9SENTATION<\/strong> de l&rsquo;ouvrage <em><a href=\"https:\/\/boutique.fypeditions.com\/products\/culture-en-partage-guide-des-plateformes-culturelles-contributives\">Culture en partage. Guide des plateformes culturelles contributives<\/a><\/em> <\/p>\n\n\n\n<p>18h30 &#8211; <strong>Cocktail<\/strong> <\/p>\n","protected":false},"excerpt":{"rendered":"<p>Journ\u00e9e d\u00e9di\u00e9e aux porteurs des plateformes, chercheurs, professionnels et tout.e int\u00e9ress\u00e9.e \u00e0 la contribution num\u00e9rique Inscriptions ouvertes https:\/\/anr-collabora.parisnanterre.fr\/index.php\/inscription-a-levenement\/ 9h15 &#8211; Accueil caf\u00e9 9h30 &#8211; OUVERTURE DU FORUM 10h &#8211; ATELIERS &#8211; SESSION #1 Axe 1 &#8211; Mobiliser les&nbsp;contributeurs&nbsp;et animer sa communaut\u00e9 &#8211; Pierre Fauvel, Nantes Patrimonia (Nantes Metropole)&#8211; Jean-Pierre Girard, Bulliot, Bibracte et moi (Contributeur)&#8211; [&hellip;]<\/p>\n","protected":false},"author":1,"featured_media":0,"parent":0,"menu_order":0,"comment_status":"closed","ping_status":"closed","template":"","meta":[],"_links":{"self":[{"href":"https:\/\/anr-collabora.parisnanterre.fr\/index.php\/wp-json\/wp\/v2\/pages\/708"}],"collection":[{"href":"https:\/\/anr-collabora.parisnanterre.fr\/index.php\/wp-json\/wp\/v2\/pages"}],"about":[{"href":"https:\/\/anr-collabora.parisnanterre.fr\/index.php\/wp-json\/wp\/v2\/types\/page"}],"author":[{"embeddable":true,"href":"https:\/\/anr-collabora.parisnanterre.fr\/index.php\/wp-json\/wp\/v2\/users\/1"}],"replies":[{"embeddable":true,"href":"https:\/\/anr-collabora.parisnanterre.fr\/index.php\/wp-json\/wp\/v2\/comments?post=708"}],"version-history":[{"count":50,"href":"https:\/\/anr-collabora.parisnanterre.fr\/index.php\/wp-json\/wp\/v2\/pages\/708\/revisions"}],"predecessor-version":[{"id":858,"href":"https:\/\/anr-collabora.parisnanterre.fr\/index.php\/wp-json\/wp\/v2\/pages\/708\/revisions\/858"}],"wp:attachment":[{"href":"https:\/\/anr-collabora.parisnanterre.fr\/index.php\/wp-json\/wp\/v2\/media?parent=708"}],"curies":[{"name":"wp","href":"https:\/\/api.w.org\/{rel}","templated":true}]}}