{"id":637,"date":"2022-02-21T11:06:38","date_gmt":"2022-02-21T11:06:38","guid":{"rendered":"https:\/\/anr-collabora.parisnanterre.fr\/?page_id=637"},"modified":"2022-06-08T06:38:19","modified_gmt":"2022-06-08T06:38:19","slug":"contribution-numerique-savoirs-cultures","status":"publish","type":"page","link":"https:\/\/anr-collabora.parisnanterre.fr\/index.php\/contribution-numerique-savoirs-cultures\/","title":{"rendered":"Le Forum"},"content":{"rendered":"\n<figure class=\"wp-block-image size-large\"><img decoding=\"async\" loading=\"lazy\" width=\"1024\" height=\"576\" src=\"https:\/\/anr-collabora.parisnanterre.fr\/wp-content\/uploads\/2022\/05\/Bannie\u0300reForm-1024x576.png\" alt=\"\" class=\"wp-image-778\" srcset=\"https:\/\/anr-collabora.parisnanterre.fr\/wp-content\/uploads\/2022\/05\/Bannie\u0300reForm-1024x576.png 1024w, https:\/\/anr-collabora.parisnanterre.fr\/wp-content\/uploads\/2022\/05\/Bannie\u0300reForm-300x169.png 300w, https:\/\/anr-collabora.parisnanterre.fr\/wp-content\/uploads\/2022\/05\/Bannie\u0300reForm-768x432.png 768w, https:\/\/anr-collabora.parisnanterre.fr\/wp-content\/uploads\/2022\/05\/Bannie\u0300reForm-1536x864.png 1536w, https:\/\/anr-collabora.parisnanterre.fr\/wp-content\/uploads\/2022\/05\/Bannie\u0300reForm.png 2000w\" sizes=\"(max-width: 1024px) 100vw, 1024px\" \/><\/figure>\n\n\n\n<p>Le \u00ab\u00a0Forum: contribution num\u00e9rique, cultures, savoirs\u00a0\u00bb, qui se tiendra le <strong>6 juillet 2022<\/strong> au Carrefour num\u00e9rique\u00b2 de la Cit\u00e9 des sciences et de l\u2019industrie (Paris), sera l&rsquo;\u00e9v\u00e9nement de cl\u00f4ture du projet ANR COLLABORA. Ce forum est d\u00e9di\u00e9 aux plateformes culturelles contributives, ces plateformes num\u00e9riques qui permettent \u00e0 des acteurs de la soci\u00e9t\u00e9 civile de contribuer \u00e0 la production de savoirs li\u00e9s \u00e0 des objets culturels. Nous avons pu construire un&nbsp;<a href=\"https:\/\/anr-collabora.parisnanterre.fr\/observatoire\/\">observatoire<\/a>&nbsp;qui rassemble acteurs publics, associatifs, groupes informels ainsi qu\u2019acteurs commerciaux.<\/p>\n\n\n\n<p>Ce forum sera l\u2019occasion de faire rencontrer les porteurs, les professionnels et les chercheurs qui s&rsquo;y int\u00e9ressent \u00e0 ces plateformes. <a href=\"https:\/\/anr-collabora.parisnanterre.fr\/index.php\/programme\/\" data-type=\"page\" data-id=\"708\">Tout au long de la journ\u00e9e, des conf\u00e9rences, analyses et ateliers seront propos\u00e9s<\/a>. Cette journ\u00e9e sera l\u2019occasion d\u2019initier un r\u00e9seau de pratiques et de nouer de potentielles collaborations.<\/p>\n\n\n\n<p>Trois th\u00e9matiques seront sp\u00e9cifiquement trait\u00e9es&nbsp;: <\/p>\n\n\n\n<ul><li>>\u00a0<strong>\u00a0<\/strong><em><strong>Les contributeurs<\/strong>: mobiliser ses contributeurs, animer sa communaut\u00e9<\/em>. Cet axe vise \u00e0 comprendre l\u2019effet des actions prises par les porteurs de projet pour mobiliser leurs contributeurs, stimuler leur participation et animer leur communaut\u00e9 : \u00ab\u00a0gamification\u00a0\u00bb, mise en place de forums, communication sur les r\u00e9seaux sociaux, etc.<\/li><li>>\u00a0<em><strong>Le r\u00e9seau<\/strong>: nouer des partenariats<\/em>, <em>construire un mode de fonctionnement<\/em>. Quels acteurs solliciter et \u00e0 quelle \u00e9tape du projet ? Quelles sont les avantages et inconv\u00e9nients des diff\u00e9rents modes de fonctionnement et mod\u00e8les socio-\u00e9conomiques ? etc.<\/li><li>>\u00a0<em><strong>Les donn\u00e9es<\/strong>. g\u00e9rer le cadre l\u00e9gal, \u00e9thique et technique de ses donn\u00e9es.<\/em>\u00a0Cet axe vise \u00e0 discuter les enjeux li\u00e9s aux donn\u00e9es produites et g\u00e9n\u00e9r\u00e9es sur les plateformes culturelles contributives d\u2019un point de vue l\u00e9gal, \u00e9thique et technique : quelles licences choisir ? quels formats adopter ?<\/li><\/ul>\n\n\n\n<p>Si vous \u00eates <strong>porteur de projet, professionnel ou encore chercheur ou doctorant<\/strong>, n\u2019h\u00e9sitez pas \u00e0 <a href=\"https:\/\/anr-collabora.parisnanterre.fr\/index.php\/inscription-a-levenement\/\" data-type=\"page\" data-id=\"706\">vous <strong>inscrire<\/strong><\/a>, toute contribution permettra d&rsquo;enrichir l\u2019\u00e9change et la r\u00e9flexion collective. Le <strong><a href=\"https:\/\/anr-collabora.parisnanterre.fr\/index.php\/programme\/\" data-type=\"page\" data-id=\"708\">programme <\/a><\/strong>provisoire est d\u00e9j\u00e0 disponible. <\/p>\n\n\n\n<p>L&rsquo;acc\u00e8s \u00e0 l&rsquo;\u00e9v\u00e8nement est gratuit.  L&rsquo;<a href=\"https:\/\/anr-collabora.parisnanterre.fr\/index.php\/inscription-a-levenement\/\" data-type=\"page\" data-id=\"706\">inscription<\/a> est obligatoire. <\/p>\n\n\n\n<p>Ce forum est organis\u00e9 en collaboration avec le <a href=\"https:\/\/www.dicen-idf.org\/\">laboratoire Dicen<\/a>, l&rsquo;<a href=\"https:\/\/www.parisnanterre.fr\/\">Universit\u00e9 Paris Nanterre<\/a>, le <a href=\"https:\/\/www.cite-sciences.fr\/fr\/au-programme\/lieux-ressources\/carrefour-numerique2\/\">Carrefour num\u00e9rique\u00b2 de la Cit\u00e9 des sciences et de l&rsquo;industrie)<\/a>, <a href=\"http:\/\/www.ledome.info\/\">Le D\u00f4me<\/a>  et le <a href=\"https:\/\/www.participarc.net\/\">r\u00e9seau Particip-arc<\/a>.  <\/p>\n\n\n\n<p>Lieu : Carrefour num\u00e9rique\u00b2 <br>Cit\u00e9 des sciences et de l&rsquo;industrie (niveau -1)<br><a rel=\"noreferrer noopener\" href=\"https:\/\/www.google.com\/maps\/place\/Cit%C3%A9+des+sciences+et+de+l'industrie\/@48.8955983,2.3857109,17z\/data=!3m2!4b1!5s0x47e66c34b2b80797:0x6898ed8f998c6dfc!4m5!3m4!1s0x47e66c32df92aa0f:0x52d157d86ddecf27!8m2!3d48.8955948!4d2.3878996\" target=\"_blank\">30 avenue Corentin Cariou<br>75019 Paris, France<\/a><\/p>\n\n\n\n<p><\/p>\n\n\n\n<p>Pour plus d&rsquo;informations \u00e9crire \u00e0 Marta Severo <a href=\"mailto:msevero@parisnanterre.fr\">msevero@parisnanterre.fr<\/a><\/p>\n\n\n\n<figure class=\"wp-block-image alignfull size-large\"><img decoding=\"async\" loading=\"lazy\" width=\"1024\" height=\"69\" src=\"https:\/\/anr-collabora.parisnanterre.fr\/wp-content\/uploads\/2022\/03\/logo2-1024x69.png\" alt=\"\" class=\"wp-image-686\" srcset=\"https:\/\/anr-collabora.parisnanterre.fr\/wp-content\/uploads\/2022\/03\/logo2-1024x69.png 1024w, https:\/\/anr-collabora.parisnanterre.fr\/wp-content\/uploads\/2022\/03\/logo2-300x20.png 300w, https:\/\/anr-collabora.parisnanterre.fr\/wp-content\/uploads\/2022\/03\/logo2-768x51.png 768w, https:\/\/anr-collabora.parisnanterre.fr\/wp-content\/uploads\/2022\/03\/logo2-1536x103.png 1536w, https:\/\/anr-collabora.parisnanterre.fr\/wp-content\/uploads\/2022\/03\/logo2.png 1865w\" sizes=\"(max-width: 1024px) 100vw, 1024px\" \/><\/figure>\n","protected":false},"excerpt":{"rendered":"<p>Le \u00ab Forum: contribution num\u00e9rique, cultures, savoirs \u00bb se tiendra le 6 juillet 2022 au Carrefour num\u00e9rique (Paris) et cl\u00f4turera le projet ANR COLLABORA. <\/p>\n","protected":false},"author":1,"featured_media":668,"parent":0,"menu_order":0,"comment_status":"closed","ping_status":"closed","template":"","meta":[],"_links":{"self":[{"href":"https:\/\/anr-collabora.parisnanterre.fr\/index.php\/wp-json\/wp\/v2\/pages\/637"}],"collection":[{"href":"https:\/\/anr-collabora.parisnanterre.fr\/index.php\/wp-json\/wp\/v2\/pages"}],"about":[{"href":"https:\/\/anr-collabora.parisnanterre.fr\/index.php\/wp-json\/wp\/v2\/types\/page"}],"author":[{"embeddable":true,"href":"https:\/\/anr-collabora.parisnanterre.fr\/index.php\/wp-json\/wp\/v2\/users\/1"}],"replies":[{"embeddable":true,"href":"https:\/\/anr-collabora.parisnanterre.fr\/index.php\/wp-json\/wp\/v2\/comments?post=637"}],"version-history":[{"count":22,"href":"https:\/\/anr-collabora.parisnanterre.fr\/index.php\/wp-json\/wp\/v2\/pages\/637\/revisions"}],"predecessor-version":[{"id":825,"href":"https:\/\/anr-collabora.parisnanterre.fr\/index.php\/wp-json\/wp\/v2\/pages\/637\/revisions\/825"}],"wp:featuredmedia":[{"embeddable":true,"href":"https:\/\/anr-collabora.parisnanterre.fr\/index.php\/wp-json\/wp\/v2\/media\/668"}],"wp:attachment":[{"href":"https:\/\/anr-collabora.parisnanterre.fr\/index.php\/wp-json\/wp\/v2\/media?parent=637"}],"curies":[{"name":"wp","href":"https:\/\/api.w.org\/{rel}","templated":true}]}}